{"id":1812,"date":"2025-04-01T16:00:09","date_gmt":"2025-04-01T22:00:09","guid":{"rendered":"https:\/\/www.stoconsulting.com\/stoconsultingcom\/?page_id=1812"},"modified":"2025-10-15T14:54:06","modified_gmt":"2025-10-15T19:54:06","slug":"caso_asa","status":"publish","type":"page","link":"https:\/\/www.stoconsulting.com\/stoconsultingcom\/caso_asa\/","title":{"rendered":"CASO DE \u00c9XITO ASA"},"content":{"rendered":"<div  id=\"content-1\" class=\"content-12 content-section content-section-spacing\" style=\"background-color: rgb(255, 255, 255); background-image: none; background-size: cover; background-position: center top;\" data-label=\"Content\" data-id=\"content--1\" data-export-id=\"content-12\" data-category=\"content\">\n<div  class=\"gridContainer\">\n<div  class=\"row text-center\">\n<div  class=\"section-title-col\" data-type=\"column\">\n<h2  class=\"\" style=\"border-bottom-color: #ed3737;\"><span  style=\"color: rgb(51, 51, 51); font-weight: 700; font-family: &quot;Open Sans&quot;, arial, helvetica, sans-serif;\">ALCANCES<\/span><\/h2>\n<p  class=\"lead\" style=\"text-align: justify;\"><span  style=\"color: rgb(51, 51, 51); font-family: &quot;Open Sans&quot;, arial, helvetica, sans-serif;\"><span  style=\"font-weight: bold;\">Soluci\u00f3n:<\/span> Oracle ERP \u2013 implementaci\u00f3n\n<span  style=\"font-weight: bold;\">\nResumen del Proyecto<\/span>\n<span  style=\"font-weight: 300;\">\nGrupo Aeroportuario Tur\u00edstico Mexicano (GATM) es una nueva raz\u00f3n social creada para la administraci\u00f3n y operaci\u00f3n de dos aeropuertos gestionados por Aeropuertos y Servicios Auxiliares (ASA). Con el objetivo de optimizar y centralizar la gesti\u00f3n de los recursos de esta nueva entidad legal, se llev\u00f3 a cabo un proyecto integral de implementaci\u00f3n del sistema Oracle ERP, configurando m\u00faltiples m\u00f3dulos financieros, comerciales y de abastecimiento.\n<\/span><\/span><br ><br ><span  style=\"font-weight: 700; font-family: &quot;Open Sans&quot;, arial, helvetica, sans-serif; color: rgb(51, 51, 51);\">\nAlcance del Proyecto<\/span><br ><span  style=\"font-weight: 300; font-family: &quot;Open Sans&quot;, arial, helvetica, sans-serif; color: rgb(51, 51, 51);\">\nLos m\u00f3dulos configurados incluyeron:<\/span><\/p>\n\n\n<p  class=\"lead\" style=\"text-align: justify;\"><span  style=\"color: rgb(52, 58, 64); font-family: &quot;Open Sans&quot;, arial, helvetica, sans-serif;\"><span  style=\"font-weight: bold;\">\n<span style=\"color: rgb(51, 51, 51);\" >\u2022 Finanzas:<\/span><\/span><span style=\"font-weight: 300; color: rgb(51, 51, 51);\" >\n\no Contabilidad general\n\no Presupuesto\n\no Activo fijo\n\no Administraci\u00f3n de efectivo\n\no Cuentas por pagar\n\no Cuentas por cobrar<\/span><\/span><\/p>\n<p  class=\"lead\" style=\"text-align: justify;\"><span style=\"font-family: &quot;Open Sans&quot;, arial, helvetica, sans-serif; color: rgb(51, 51, 51);\" ><span  style=\"font-weight: bold;\">\n\u2022 Comercial:<\/span><span  style=\"font-weight: 300;\">\n\no Administraci\u00f3n de pedidos\n\no Administraci\u00f3n de propiedades\n\n\u2022 Abastecimiento:\n\no Compras\n\no Inventarios<\/span><\/span>\n<span  style=\"font-weight: bold; font-family: arial, helvetica, sans-serif;\">\n<\/span><\/p>\n<p  class=\"lead\" style=\"text-align: justify;\"><span  style=\"color: rgb(51, 51, 51); font-family: &quot;Open Sans&quot;, arial, helvetica, sans-serif;\"><span  style=\"font-weight: bold;\">Integraciones Clave<\/span>\n<span  style=\"font-weight: 400;\"><span style=\"font-weight: 300;\" >\nAdicionalmente, se realizaron integraciones con el proveedor<\/span> <span  style=\"font-weight: bold;\">de timbrado<\/span> <span style=\"font-weight: 300;\" >para asegurar el cumplimiento de las<\/span> <span  style=\"font-weight: bold;\">normativas fiscales locales en la emisi\u00f3n de comprobantes digitales.<\/span><\/span><\/span><\/p>\n<p  class=\"lead\" style=\"text-align: justify;\"><span  style=\"font-weight: bold; color: rgb(51, 51, 51); font-family: &quot;Open Sans&quot;, arial, helvetica, sans-serif;\">Resultados del Proyecto<\/span><br >\n<br ><span  style=\"font-family: &quot;Open Sans&quot;, arial, helvetica, sans-serif; color: rgb(51, 51, 51);\"><span  style=\"font-weight: 700;\">1. Eficiencia Operativa:<\/span> La implementaci\u00f3n del sistema permiti\u00f3 una gesti\u00f3n m\u00e1s eficiente y aut\u00f3noma de los recursos, adapt\u00e1ndose a las necesidades espec\u00edficas de GATM.<\/span><br ><span  style=\"font-family: &quot;Open Sans&quot;, arial, helvetica, sans-serif; color: rgb(51, 51, 51);\"><span  style=\"font-weight: 700;\">\n2. Independencia Administrativa:<\/span> GATM puede operar de manera independiente de ASA, con un control completo de sus procesos financieros, comerciales y de abastecimiento.<\/span><br ><span  style=\"font-family: &quot;Open Sans&quot;, arial, helvetica, sans-serif; color: rgb(51, 51, 51);\"><span  style=\"font-weight: 700;\">\n3. Cumplimiento Normativo:<\/span> Las integraciones realizadas garantizan el cumplimiento con las regulaciones fiscales y optimizan los procesos de facturaci\u00f3n.<\/span><br ><span  style=\"font-family: &quot;Open Sans&quot;, arial, helvetica, sans-serif; color: rgb(51, 51, 51);\"><span  style=\"font-weight: 700;\">\n4. Escalabilidad:<\/span> El sistema est\u00e1 preparado para soportar futuras expansiones de GATM, ya sea con la administraci\u00f3n de m\u00e1s aeropuertos o con la incorporaci\u00f3n de nuevas funcionalidades.<\/span><\/p>\n\n\n\n<span  style=\"font-family: arial, helvetica, sans-serif; font-weight: 400;\" class=\"\"><span  style=\"font-weight: bold;\">\n<\/span><\/span>\n\n\n<span  style=\"font-family: arial, helvetica, sans-serif; font-weight: 400;\" class=\"\"><span  style=\"font-weight: bold;\">\n<\/span><\/span>\n\n\n<span  style=\"font-family: arial, helvetica, sans-serif; font-weight: 400;\" class=\"\"><span  style=\"font-weight: bold;\">\n<\/span><\/span>\n\n\n<span  style=\"text-decoration: underline; font-weight: bold;\" class=\"\"><span  style=\"font-family: arial, helvetica, sans-serif;\">\n<\/span><\/span>\n<p  class=\"lead\" style=\"text-align: justify;\"><span  style=\"color: rgb(51, 51, 51); font-family: &quot;Open Sans&quot;, arial, helvetica, sans-serif;\"><span  style=\"font-weight: bold;\">Resultados:<\/span>\n<span  style=\"font-weight: 300;\">\nLa implementaci\u00f3n de Oracle ERP para GATM ha sido un \u00e9xito rotundo, fortaleciendo la capacidad operativa y administrativa de esta nueva raz\u00f3n social. Gracias a esta soluci\u00f3n tecnol\u00f3gica, GATM est\u00e1 mejor posicionada para gestionar sus operaciones de manera eficiente, cumpliendo con los m\u00e1s altos est\u00e1ndares de calidad y normativa.<\/span><\/span><\/p>\n\n<\/div>\n<\/div>\n<div  class=\"row center-xs middle-xs\">\n<div  class=\"col-sm-9\" data-type=\"column\"><\/div>\n<\/div>\n<\/div>\n<\/div>","protected":false},"excerpt":{"rendered":"<p>ALCANCES Soluci\u00f3n: Oracle ERP \u2013 implementaci\u00f3n Resumen del Proyecto Grupo Aeroportuario Tur\u00edstico Mexicano (GATM) es una nueva raz\u00f3n social creada para la administraci\u00f3n y operaci\u00f3n de dos aeropuertos gestionados por Aeropuertos y Servicios Auxiliares (ASA). Con el objetivo de optimizar y centralizar la gesti\u00f3n de los recursos de esta nueva entidad legal, se llev\u00f3 a&hellip; <br \/> <a class=\"read-more\" href=\"https:\/\/www.stoconsulting.com\/stoconsultingcom\/caso_asa\/\">Read more<\/a><\/p>\n","protected":false},"author":1,"featured_media":0,"parent":0,"menu_order":0,"comment_status":"closed","ping_status":"closed","template":"pro\/page-templates\/full-width-page.php","meta":{"_joinchat":[],"footnotes":""},"class_list":["post-1812","page","type-page","status-publish","hentry"],"_links":{"self":[{"href":"https:\/\/www.stoconsulting.com\/stoconsultingcom\/wp-json\/wp\/v2\/pages\/1812","targetHints":{"allow":["GET"]}}],"collection":[{"href":"https:\/\/www.stoconsulting.com\/stoconsultingcom\/wp-json\/wp\/v2\/pages"}],"about":[{"href":"https:\/\/www.stoconsulting.com\/stoconsultingcom\/wp-json\/wp\/v2\/types\/page"}],"author":[{"embeddable":true,"href":"https:\/\/www.stoconsulting.com\/stoconsultingcom\/wp-json\/wp\/v2\/users\/1"}],"replies":[{"embeddable":true,"href":"https:\/\/www.stoconsulting.com\/stoconsultingcom\/wp-json\/wp\/v2\/comments?post=1812"}],"version-history":[{"count":25,"href":"https:\/\/www.stoconsulting.com\/stoconsultingcom\/wp-json\/wp\/v2\/pages\/1812\/revisions"}],"predecessor-version":[{"id":2113,"href":"https:\/\/www.stoconsulting.com\/stoconsultingcom\/wp-json\/wp\/v2\/pages\/1812\/revisions\/2113"}],"wp:attachment":[{"href":"https:\/\/www.stoconsulting.com\/stoconsultingcom\/wp-json\/wp\/v2\/media?parent=1812"}],"curies":[{"name":"wp","href":"https:\/\/api.w.org\/{rel}","templated":true}]}}